{"id":507,"date":"2013-03-21T11:33:24","date_gmt":"2013-03-21T10:33:24","guid":{"rendered":"http:\/\/f5len.org\/blog\/?page_id=507"},"modified":"2014-08-09T11:39:32","modified_gmt":"2014-08-09T09:39:32","slug":"liens","status":"publish","type":"page","link":"https:\/\/f5len.org\/blog\/sismologie-amateur\/liens\/","title":{"rendered":"Liens"},"content":{"rendered":"<p>Quelques liens:<\/p>\n<p>Constructions amateurs<\/p>\n<ul>\n<li><a href=\"http:\/\/fusee.pagesperso-orange.fr\/\" target=\"_blank\">Pages de JP Lain\u00e9<\/a><\/li>\n<li><a href=\"http:\/\/madtiger.fr\/\" target=\"_blank\">Calculateur temps d&rsquo;arriv\u00e9e ondes sismiques et forum en fran\u00e7ais<\/a><\/li>\n<li><a href=\"http:\/\/www.edusismo.org\/\" target=\"_blank\">Projet sismo des \u00e9coles<\/a><\/li>\n<li><a href=\"http:\/\/motivationtolearn.org\/wordpress\/?p=530\" target=\"_blank\">Student Seismology Research Station<\/a>\u00a0Une application int\u00e9ressante avec une carte son.<\/li>\n<li><a href=\"http:\/\/psn.quake.net\/lehman.html\" target=\"_blank\">How to Build a Lehman Seismometer<\/a><\/li>\n<li><a href=\"http:\/\/psn.quake.net\/\" target=\"_blank\">LE site US avec sa liste de diffusion tr\u00e8s active.<\/a><\/li>\n<li><a href=\"http:\/\/www.sydneystormcity.com\/g_phones.htm\" target=\"_blank\">Amateur australien<\/a><\/li>\n<li><a href=\"http:\/\/www.wylie.org.uk\/technology\/seismographs\/AW1\/Lehman.htm\" target=\"_blank\">Un amateur anglais avec quelques belles r\u00e9alisations<\/a><\/li>\n<\/ul>\n<p>Capteurs commerciaux<\/p>\n<ul>\n<li><a href=\"http:\/\/www.nuovaelettronica.it\/prodotti\/kit-completi\/strumenti-laboratorio\/interfaccia-per-sismografo-spk1-1500\">www.nuovaelettronica.it <\/a>&#8211; un capteur r\u00e9lativement \u00e9conomique et efficace<\/li>\n<li><span style=\"line-height: 15px;\"><a href=\"http:\/\/www.infiltec.com\/seismo\/\" target=\"_blank\">How to Build an Inexpensive Seismometer<\/a><br \/> <\/span><\/li>\n<li><a href=\"http:\/\/www.mindsetsonline.co.uk\/index.php?cPath=18_622_412\" target=\"_blank\">www.mindsetsonline.co.uk<\/a><\/li>\n<li><a href=\"http:\/\/rockwave.co.uk\/\" target=\"_blank\">rockwave.co.uk<\/a><\/li>\n<\/ul>\n<p>Logiciels<\/p>\n<ul>\n<li><a href=\"http:\/\/web.ics.purdue.edu\/~braile\/edumod\/as1lessons\/UsingAmaSeis\/UsingAmaSeis.htm\"><span style=\"line-height: 15px;\">Amaseis le logiciel sans doute le plus populaire<\/span><\/a><\/li>\n<li><a href=\"http:\/\/seismologie.oma.be\/TSOFT\/tsoft.html\">Tsoft<\/a> un logiciel de l&rsquo;observatoire royal de Belgique. C&rsquo;est ce logiciel que\u00a0j\u2019utilise\u00a0car il permet la lecture de format de fichiers libres.<\/li>\n<\/ul>\n<p>Sites institutionnels:<\/p>\n<ul>\n<li><a href=\"http:\/\/www.college-de-france.fr\/site\/barbara-romanowicz\/#course\" target=\"_blank\">Cours de physique de l&rsquo;int\u00e9rieur de la terre au Coll\u00e8ge de France en vid\u00e9o<\/a><\/li>\n<li><a href=\"http:\/\/www-dase.cea.fr\/evenement\/derniers_evenements.php\" target=\"_blank\">Derniers enregistrements r\u00e9seau du CEA<\/a><\/li>\n<li><a href=\"http:\/\/neic.usgs.gov\/neis\/travel_times\/artim.html\" target=\"_blank\">Calculateur de temps de trajets des derniers \u00e9v\u00e8nements majeurs<\/a><\/li>\n<li><a href=\"http:\/\/www.emsc-csem.org\/Earthquake\/\" target=\"_blank\">Liste des derniers \u00e9v\u00e8nements mondiaux<\/a><\/li>\n<li><a href=\"http:\/\/www.obs.univ-bpclermont.fr\/SO\/sismo\/\" target=\"_blank\">Observatoire de Physique du Globe de Clermont-Ferrand<\/a><\/li>\n<\/ul>\n","protected":false},"excerpt":{"rendered":"<p>Quelques liens: Constructions amateurs Pages de JP Lain\u00e9 Calculateur temps d&rsquo;arriv\u00e9e ondes sismiques et forum en fran\u00e7ais Projet sismo des \u00e9coles Student Seismology Research Station\u00a0Une application int\u00e9ressante avec une carte son. How to Build a Lehman Seismometer LE site US &hellip; <a href=\"https:\/\/f5len.org\/blog\/sismologie-amateur\/liens\/\">Continuer la lecture <span class=\"meta-nav\">&rarr;<\/span><\/a><\/p>\n","protected":false},"author":1,"featured_media":0,"parent":495,"menu_order":5,"comment_status":"closed","ping_status":"closed","template":"","meta":{"footnotes":""},"class_list":["post-507","page","type-page","status-publish","hentry"],"_links":{"self":[{"href":"https:\/\/f5len.org\/blog\/wp-json\/wp\/v2\/pages\/507","targetHints":{"allow":["GET"]}}],"collection":[{"href":"https:\/\/f5len.org\/blog\/wp-json\/wp\/v2\/pages"}],"about":[{"href":"https:\/\/f5len.org\/blog\/wp-json\/wp\/v2\/types\/page"}],"author":[{"embeddable":true,"href":"https:\/\/f5len.org\/blog\/wp-json\/wp\/v2\/users\/1"}],"replies":[{"embeddable":true,"href":"https:\/\/f5len.org\/blog\/wp-json\/wp\/v2\/comments?post=507"}],"version-history":[{"count":14,"href":"https:\/\/f5len.org\/blog\/wp-json\/wp\/v2\/pages\/507\/revisions"}],"predecessor-version":[{"id":992,"href":"https:\/\/f5len.org\/blog\/wp-json\/wp\/v2\/pages\/507\/revisions\/992"}],"up":[{"embeddable":true,"href":"https:\/\/f5len.org\/blog\/wp-json\/wp\/v2\/pages\/495"}],"wp:attachment":[{"href":"https:\/\/f5len.org\/blog\/wp-json\/wp\/v2\/media?parent=507"}],"curies":[{"name":"wp","href":"https:\/\/api.w.org\/{rel}","templated":true}]}}